 71
Suppose -21353 - 29947 = -4*n. List the prime factors of n.
3, 5, 19
Suppose 8*q - 71046 = q + 15635. List the prime factors of q.
7, 29, 61
Suppose 2*z - 5*z + 24 = 5*a, 3*a = -z + 12. Suppose -2*n = -5*m - 1249, -8*m + a*m = 4*n - 2543. List the prime factors of n.
2, 79
Let p = 323 - 318. Let q(b) = 283*b - 147. List the prime factors of q(p).
2, 317
Let x(m) = -27*m**2 - 9*m + 39. Let p(u) = -24*u**2 - 10*u + 39. Let k(q) = -5*p(q) + 4*x(q). List the prime factors of k(3).
3, 37
Suppose -139*v + 41361 + 559525 = -18*v. What are the prime factors of v?
2, 13, 191
Let q(h) = -h**3 - 15*h**2 + 21*h + 40. Let j be q(-16). What are the prime factors of (4/3)/(j/(-17310))?
577
Let v(r) = -r - 21*r + 3*r - 9 - 3. Let z be v(15). List the prime factors of (2/(-3))/(3/z).
2, 3, 11
Let v(p) = 11*p + 33. Let x be v(-3). Suppose x = -16*d - 12*d + 5236. What are the prime factors of d?
11, 17
Let y(o) = -o**3 + 15*o**2 - 27*o + 5. Suppose -85*d = -79*d - 48. List the prime factors of y(d).
3, 79
Let j be (96/40)/(-6) + (-64)/(-10). Suppose -j*h - 1282 = -4*s - 8*h, 1292 = 4*s + 4*h. What are the prime factors of s?
2, 3, 53
Suppose -m = -2*m. Let h be m/((-4)/(-1)) + -1 - -6. Suppose -520 = -3*u - h*b, -4*b - 260 = -3*u + 269. What are the prime factors of u?
5, 7
Suppose 5*b + 5*o = 9010, -48 + 36 = -4*o. What are the prime factors of b?
7, 257
Suppose -134*x = 234*x - 3376032. List the prime factors of x.
2, 3, 11, 139
Suppose -765869 - 1311716 = -84*v + 875771. What are the prime factors of v?
35159
Let k = 3107 - -12570. List the prime factors of k.
61, 257
Suppose 0 = 19*s - 95 - 0. Suppose 2*r - 5*d - 197 = -10*d, r - 86 = -s*d. List the prime factors of r.
3, 37
Suppose -1 = -2*s + 15. Suppose 7 = 5*v - 4*g - 4, 4*v = -g - s. List the prime factors of (-135)/(v + 0) - -2.
137
Let m = -133 + 379. Let x = m - 159. What are the prime factors of x?
3, 29
Let c = 1253 - -701. Suppose -11*x + 9*x = 2*f - c, 3*x = -12. List the prime factors of f.
3, 109
Suppose 0 = 5*u - 3*t + 154, -2*u + 0*t - 3*t - 70 = 0. Let r(n) = -7*n + 198. What are the prime factors of r(u)?
2, 211
Suppose 0 = -4*g + 1 - 9, g - 2 = -k. Suppose 1466 = 5*a + j, 314 = a - 9*j + k*j. Suppose 5*v + a = 3*l + 2*v, 2*v = 2. List the prime factors of l.
3, 11
Suppose -32189 - 20182 = -6*q - 12087. What are the prime factors of q?
2, 3, 373
Suppose 161*t + 201225 = 8161870. What are the prime factors of t?
5, 11, 29, 31
Let h = -25050 - -43126. List the prime factors of h.
2, 4519
Suppose -14179 = -o + 7*k, 4*o - 20427 = 3*k + 36214. What are the prime factors of o?
2, 7079
Suppose 3*z - 80 = -5*z. Let f = z - 7. What are the prime factors of 42*(f/6)/1?
3, 7
Suppose 8 = 4*z + 4*x + 4, 5*z + 2*x = 14. Let h be 76/((-1 - -6)/5). List the prime factors of (0 - h/(-16))/(z/48).
3, 19
Let f be (-10)/(-8)*(-9 - -17)*254. Suppose -13*j + 1152 = -f. List the prime factors of j.
2, 71
Let g(w) = -w**2 - 186*w - 386. List the prime factors of g(-112).
2, 3, 439
Let y(o) = o + 12. Suppose -5*u = -5*n - 3*u - 52, u - 1 = 0. Let f be y(n). Suppose -17 - 100 = -3*h + 3*s, f*s = -3*h + 97. List the prime factors of h.
5, 7
Let r(z) = z**3 + 10*z**2 - 29*z + 80. Let g be r(-16). Let b = g - -1960. What are the prime factors of b?
2, 11
Let n(t) = -t**3 + 17*t**2 + 19*t - 48. Let d(u) = u**2 + 11*u + 16. Let y be d(-11). What are the prime factors of n(y)?
2
Let y = -37 - -37. Suppose -2*p - u + 9 = y, 3*p = p + 2*u. Let a(d) = 3*d**3 - d**2 + 5*d + 1. List the prime factors of a(p).
2, 11
Let t(q) = 9*q**2 + 289*q - 117. What are the prime factors of t(-38)?
7, 271
Suppose -4*w = -4*d + 5836, -5*d - 2*w + 4254 = -3076. Suppose 0 = -4*a + d + 52. List the prime factors of a.
379
Let x be (-12)/(-3) + -7 + 2. Let n be (13 - 4) + 4*x. Suppose n*y = -30 + 85. What are the prime factors of y?
11
Let i = 84 - 43. Suppose -i = 2*n + 45. Let g = -27 - n. List the prime factors of g.
2
Suppose 371*m - 366*m + 2*t = 69514, 3*m - 41728 = -4*t. What are the prime factors of m?
2, 5, 139
Let z(t) = -2 + 4986*t + 6 + 18*t**2 - 4983*t. What are the prime factors of z(-6)?
2, 317
Let f be 14/(-28) + (-1)/(-2). List the prime factors of (f/5 + 6 + -4)*535.
2, 5, 107
Let w(k) = k**3 + 32*k**2 - 83*k - 93. List the prime factors of w(21).
3, 2393
Suppose -16*l + 4*l + 144 = 0. Let o(t) = 8*t**2 - t - 34. What are the prime factors of o(l)?
2, 7, 79
List the prime factors of 13/(312/(-1432))*-123.
41, 179
Suppose 19 = -8*q + 3. What are the prime factors of 3*(5 - q*69)?
3, 11, 13
Suppose -61 = -3*a + 5*l, a - 5*l - 24 = 13. Suppose 3*j + 3*k = -96, -3*j + 32 = -4*j - 3*k. What are the prime factors of j/a*558/(-24)?
2, 31
Suppose 2*i = 10*c - 14*c + 824, -5*i - 5*c + 2065 = 0. List the prime factors of (-46)/(-161)*(-1 + i).
2, 59
Let z(n) = n**3 - 6*n**2 - 2*n + 15. Let h be z(6). Suppose h*g = -s + 6*g - 1, 0 = -4*s + 2*g + 16. Suppose -s*q + 255 = -295. List the prime factors of q.
2, 5, 11
Suppose -2*z - 51188 = -o, 4*z = -5*o + 2*o + 153504. List the prime factors of o.
2, 6397
Suppose -25640 = 30*m - 33*m + 4*i, -5*i + 8534 = m. What are the prime factors of m?
2, 3, 89
What are the prime factors of ((-292696263)/106)/(-83)*(-8)/(-9)?
2, 7393
List the prime factors of (-1)/((3 + 2)/(-17840)).
2, 223
Let h(z) = 9*z + 8. Suppose -2*r + 4*v - 6 = -0*v, 0 = -v + 5. Let g be h(r). Suppose 3*w - g = -a - 22, 0 = -4*w + 12. What are the prime factors of a?
2, 5
Let i be (-7)/2 + (-3)/2. Let x be (-220)/(-66)*(-12)/i. Suppose -x*f + 467 = 115. What are the prime factors of f?
2, 11
Suppose -t + 17244 = -3*d, 39489 = 2*t + 2*d + 5025. What are the prime factors of t?
3, 5, 383
Suppose 0*v = 3*w + 5*v - 34, -2*v - 28 = -2*w. Suppose -11*s + w*s = 186. Suppose 5*p = 2*g + 748 - s, 0 = 4*p - 2*g - 526. What are the prime factors of p?
3, 43
Let y(v) be the third derivative of v**6/60 - 17*v**5/60 - 2*v**4/3 + 25*v**3/6 - 22*v**2. What are the prime factors of y(12)?
29
Suppose -4*v = -v - 24, 2*v - 214520 = -4*k. What are the prime factors of k?
2, 26813
Let i = -1001 + -2248. List the prime factors of (-4)/(-6 + -6)*i/(-3).
19
Suppose 0 = -3*g - 31 + 34. What are the prime factors of (-9 - 168/(-16))/(g/448)?
2, 3, 7
Suppose 3*l + 4*o + 574 = 0, 964 = -5*l - 4*o + o. Let c = 261 + l. List the prime factors of c.
67
Let k(x) be the third derivative of 5*x**4/24 - 35*x**3/6 - x**2. Suppose -2*r = -3*w - 42, 5*r - 87 = -63*w + 66*w. List the prime factors of k(r).
2, 5
Suppose 2*s = 47 - 13. Suppose -7*x + s = -4. Suppose t - x - 1 = 0, j = -5*t + 113. What are the prime factors of j?
3, 31
Let v(c) = -13*c - 25. Let r = -12 - -38. Let y = 18 - r. What are the prime factors of v(y)?
79
List the prime factors of (-1)/2*-12*32676/63.
2, 389
Suppose -6*s + q = -5*s - 4050, -4*s = 2*q - 16200. What are the prime factors of s?
2, 3, 5
Suppose 5*n = -5*u + 55602 + 22913, 2*n - 2*u = 31398. List the prime factors of n.
7, 2243
Let f be (6/1)/(-6)*-14. Suppose 5*m + 2*d - 1975 = 0, 4*d = 9*m - f*m + 1965. List the prime factors of m.
397
Suppose 0 = 2*a + u - 22459, -5*a + 15*u + 56125 = 13*u. List the prime factors of a.
103, 109
What are the prime factors of (-17 + 16)/((-16)/699824)?
191, 229
Suppose -5*z + 4*u + 1961 = -6728, -3486 = -2*z - u. Suppose -7*w = -247 - z. List the prime factors of w.
2, 71
Suppose 44*p + 117*p - 2885925 = 0. List the prime factors of p.
3, 5, 239
Let t(y) = y**3 + 25*y**2 - 2*y - 48. Let x be t(-25). Suppose 0 = q + x*h - 219, -2*q + 7*h = 3*h - 398. What are the prime factors of q?
11, 19
Suppose 301924 = 4*f + 4*d, 535 = -d + 541. What are the prime factors of f?
5, 3019
Let q(u) be the second derivative of 5*u**4/12 - 7*u**3/6 + 19*u**2 - 149*u. List the prime factors of q(-8).
2, 3, 23
Let b = 1 - -11. Let h = -24 + b. List the prime factors of h/(-7) - (-4)/14.
2
Let v be (((-544)/6)/(-4))/(2/114). Let o = v - 537. List the prime factors of o.
5, 151
List the prime factors of (328/3)/(2*(-4)/(-204)).
2, 17, 41
Let j(g) = 9688*g - 10676. What are the prime factors of j(4)?
2, 7019
Suppose 15*g - 13316 = 24694. Suppose -13*w - w + g = 0. List the prime factors of w.
181
Suppose -5*g = -3*l - 9671 + 96580, -4*g + 57976 = 2*l. List the prime factors of l.
2, 14489
Suppose 4*l = 7*l + 2*j + 